{"id":23252,"date":"2024-04-18T15:39:45","date_gmt":"2024-04-18T15:39:45","guid":{"rendered":"https:\/\/vineadouro.com\/shop\/?post_type=product&#038;p=23252"},"modified":"2025-12-16T17:07:31","modified_gmt":"2025-12-16T17:07:31","slug":"passeio-de-land-rover-e-prova-de-vinhos","status":"publish","type":"product","link":"https:\/\/vineadouro.com\/shop\/produtos\/experiencias\/passeio-de-land-rover-e-prova-de-vinhos\/","title":{"rendered":"Passeio de Land Rover &#038; Prova de Vinhos"},"content":{"rendered":"","protected":false},"excerpt":{"rendered":"<p>Um passeio de jipe panor\u00e2mico pelas vinhas com vistas deslumbrantes seguida de uma experi\u00eancia exclusiva de prova de vinhos.<\/p>\n<p><strong>Hor\u00e1rio: <\/strong>S\u00e1bados e Domingos \u00e0s 11h ou 15h<br \/>\n<strong>Dura\u00e7\u00e3o: <\/strong>2h cada passeio<br \/>\n<strong>Grupos: <\/strong>m\u00ednimo 2 pessoas<br \/>\n<strong>Idioma: <\/strong>Portugu\u00eas e Ingl\u00eas<br \/>\n<strong>Pre\u00e7o: <\/strong>45\u20ac\/pessoa (inclui IVA \u00e0 taxa legal em vigor)<br \/>\n<strong>Pol\u00edtica de cancelamento: <\/strong>Cancelamento gratuito se comunicado at\u00e9 48h antes da realiza\u00e7\u00e3o da atividade. Ap\u00f3s este prazo ser\u00e1 cobrada a totalidade do valor.<\/p>\n","protected":false},"featured_media":23223,"comment_status":"closed","ping_status":"closed","template":"","meta":[],"product_brand":[],"product_cat":[72],"product_tag":[],"class_list":{"0":"post-23252","1":"product","2":"type-product","3":"status-publish","4":"has-post-thumbnail","6":"product_cat-experiencias","7":"product_shipping_class-experiencias","9":"first","10":"instock","11":"virtual","12":"purchasable","13":"product-type-simple"},"_links":{"self":[{"href":"https:\/\/vineadouro.com\/shop\/wp-json\/wp\/v2\/product\/23252","targetHints":{"allow":["GET"]}}],"collection":[{"href":"https:\/\/vineadouro.com\/shop\/wp-json\/wp\/v2\/product"}],"about":[{"href":"https:\/\/vineadouro.com\/shop\/wp-json\/wp\/v2\/types\/product"}],"replies":[{"embeddable":true,"href":"https:\/\/vineadouro.com\/shop\/wp-json\/wp\/v2\/comments?post=23252"}],"version-history":[{"count":1,"href":"https:\/\/vineadouro.com\/shop\/wp-json\/wp\/v2\/product\/23252\/revisions"}],"predecessor-version":[{"id":24867,"href":"https:\/\/vineadouro.com\/shop\/wp-json\/wp\/v2\/product\/23252\/revisions\/24867"}],"wp:featuredmedia":[{"embeddable":true,"href":"https:\/\/vineadouro.com\/shop\/wp-json\/wp\/v2\/media\/23223"}],"wp:attachment":[{"href":"https:\/\/vineadouro.com\/shop\/wp-json\/wp\/v2\/media?parent=23252"}],"wp:term":[{"taxonomy":"product_brand","embeddable":true,"href":"https:\/\/vineadouro.com\/shop\/wp-json\/wp\/v2\/product_brand?post=23252"},{"taxonomy":"product_cat","embeddable":true,"href":"https:\/\/vineadouro.com\/shop\/wp-json\/wp\/v2\/product_cat?post=23252"},{"taxonomy":"product_tag","embeddable":true,"href":"https:\/\/vineadouro.com\/shop\/wp-json\/wp\/v2\/product_tag?post=23252"}],"curies":[{"name":"wp","href":"https:\/\/api.w.org\/{rel}","templated":true}]}}