{"id":23239,"date":"2024-04-18T15:28:41","date_gmt":"2024-04-18T15:28:41","guid":{"rendered":"https:\/\/vineadouro.com\/shop\/?post_type=product&#038;p=23239"},"modified":"2025-12-16T17:08:51","modified_gmt":"2025-12-16T17:08:51","slug":"passeios-e-piquenique","status":"publish","type":"product","link":"https:\/\/vineadouro.com\/shop\/produtos\/experiencias\/passeios-e-piquenique\/","title":{"rendered":"Passeios &#038; Piquenique"},"content":{"rendered":"","protected":false},"excerpt":{"rendered":"<p>Por debaixo do nosso zimbro secular encontra-se o local ideal para um piquenique. Com vista privilegiada para o castelo de Num\u00e3o, sente-se e aprecie a beleza e tranquilidade desta quinta. Desfrute da cesta de piquenique que prepar\u00e1mos, especialmente para si, com os melhores produtos da regi\u00e3o e acompanhada de forma sublime com os nossos vinhos.<\/p>\n<p><strong>Hor\u00e1rio: <\/strong>9h-15h<br \/>\n<strong>Idioma: <\/strong>Portugu\u00eas e Ingl\u00eas<br \/>\n<strong>Grupos: <\/strong>m\u00ednimo 2 pessoas<br \/>\n<strong>Pre\u00e7o: <\/strong>35\u20ac\/pessoa (inclui IVA \u00e0 taxa legal em vigor)<br \/>\n<strong>Pol\u00edtica de cancelamento: <\/strong>Cancelamento gratuito se comunicado at\u00e9 48h antes da realiza\u00e7\u00e3o da atividade. Ap\u00f3s este prazo ser\u00e1 cobrada a totalidade do valor.<\/p>\n","protected":false},"featured_media":23229,"comment_status":"closed","ping_status":"closed","template":"","meta":[],"product_brand":[],"product_cat":[72],"product_tag":[],"class_list":{"0":"post-23239","1":"product","2":"type-product","3":"status-publish","4":"has-post-thumbnail","6":"product_cat-experiencias","8":"first","9":"instock","10":"virtual","11":"purchasable","12":"product-type-simple"},"_links":{"self":[{"href":"https:\/\/vineadouro.com\/shop\/wp-json\/wp\/v2\/product\/23239","targetHints":{"allow":["GET"]}}],"collection":[{"href":"https:\/\/vineadouro.com\/shop\/wp-json\/wp\/v2\/product"}],"about":[{"href":"https:\/\/vineadouro.com\/shop\/wp-json\/wp\/v2\/types\/product"}],"replies":[{"embeddable":true,"href":"https:\/\/vineadouro.com\/shop\/wp-json\/wp\/v2\/comments?post=23239"}],"version-history":[{"count":2,"href":"https:\/\/vineadouro.com\/shop\/wp-json\/wp\/v2\/product\/23239\/revisions"}],"predecessor-version":[{"id":24876,"href":"https:\/\/vineadouro.com\/shop\/wp-json\/wp\/v2\/product\/23239\/revisions\/24876"}],"wp:featuredmedia":[{"embeddable":true,"href":"https:\/\/vineadouro.com\/shop\/wp-json\/wp\/v2\/media\/23229"}],"wp:attachment":[{"href":"https:\/\/vineadouro.com\/shop\/wp-json\/wp\/v2\/media?parent=23239"}],"wp:term":[{"taxonomy":"product_brand","embeddable":true,"href":"https:\/\/vineadouro.com\/shop\/wp-json\/wp\/v2\/product_brand?post=23239"},{"taxonomy":"product_cat","embeddable":true,"href":"https:\/\/vineadouro.com\/shop\/wp-json\/wp\/v2\/product_cat?post=23239"},{"taxonomy":"product_tag","embeddable":true,"href":"https:\/\/vineadouro.com\/shop\/wp-json\/wp\/v2\/product_tag?post=23239"}],"curies":[{"name":"wp","href":"https:\/\/api.w.org\/{rel}","templated":true}]}}

<p>Por debaixo do nosso zimbro secular encontra-se o local ideal para um piquenique. Com vista privilegiada para o castelo de Numão, sente-se e aprecie a beleza e tranquilidade desta quinta. Desfrute da cesta de piquenique que preparámos, especialmente para si, com os melhores produtos da região e acompanhada de forma sublime com os nossos vinhos.</p>
<p><strong>Horário: </strong>9h-15h<br />
<strong>Idioma: </strong>Português e Inglês<br />
<strong>Grupos: </strong>mínimo 2 pessoas<br />
<strong>Preço: </strong>35€/pessoa (inclui IVA à taxa legal em vigor)<br />
<strong>Política de cancelamento: </strong>Cancelamento gratuito se comunicado até 48h antes da realização da atividade. Após este prazo será cobrada a totalidade do valor.</p>
