{"id":23000,"date":"2024-04-05T11:24:38","date_gmt":"2024-04-05T11:24:38","guid":{"rendered":"https:\/\/vineadouro.com\/shop\/?post_type=product&#038;p=23000"},"modified":"2026-01-19T16:08:32","modified_gmt":"2026-01-19T16:08:32","slug":"vinho-vineadouro-clarete","status":"publish","type":"product","link":"https:\/\/vineadouro.com\/shop\/produtos\/vinhos-douro\/clarete\/vinho-vineadouro-clarete\/","title":{"rendered":"Vinho Vineadouro Clarete"},"content":{"rendered":"","protected":false},"excerpt":{"rendered":"<p>O vinho Vineadouro Clarete \u00e9 um tributo \u00e0 viticultura e enologia antigas, em que as castas \u2013 tintas, brancas e rosadas \u2013 eram plantadas, vindimadas e vinificadas em conjunto. Evoca aromas e sabores medievais, que ainda perduram em algumas aldeias do Douro Superior, como a de Num\u00e3o. Aroma atraente pela frescura e vivacidade, de sabor intenso, onde sobressaem a acidez firme, um volume de boca m\u00e9dio, e uma adstring\u00eancia quanto baste para conferir uma eleg\u00e2ncia surpreendente ao conjunto.<\/p>\n<p><strong>Regi\u00e3o: <\/strong>DOC Douro<br \/>\n<strong>Colheita: <\/strong>2022<br \/>\n<strong>Castas: <\/strong>S\u00edria, Rabigato, Bastardo, Rufete, Casculho e Marufo<br \/>\n<strong>\u00c1lcool: <\/strong>13,5%<br \/>\n<strong>Gastronomia: <\/strong>Servir a 12\u00baC a acompanhar fatias de presunto, queijo Terrincho de meia cura ou petinga e jaquinzinhos fritos com broa<br \/>\n<strong>Capacidade: <\/strong>750ml<\/p>\n<p><a href=\"https:\/\/www.vivino.com\/vineadouro-clarete\/w\/8907489\" target=\"_blank\" rel=\"noopener noreferrer\"><br \/>\n<img decoding=\"async\" src=\"https:\/\/vineadouro.com\/shop\/wp-content\/uploads\/2024\/04\/vivino-icon.jpg\" width=\"80px\" \/><\/a><\/p>\n","protected":false},"featured_media":24560,"comment_status":"open","ping_status":"closed","template":"","meta":[],"product_brand":[],"product_cat":[93,20],"product_tag":[],"class_list":{"0":"post-23000","1":"product","2":"type-product","3":"status-publish","4":"has-post-thumbnail","6":"product_cat-clarete","7":"product_cat-vinhos-douro","9":"first","10":"instock","11":"shipping-taxable","12":"purchasable","13":"product-type-simple"},"_links":{"self":[{"href":"https:\/\/vineadouro.com\/shop\/wp-json\/wp\/v2\/product\/23000","targetHints":{"allow":["GET"]}}],"collection":[{"href":"https:\/\/vineadouro.com\/shop\/wp-json\/wp\/v2\/product"}],"about":[{"href":"https:\/\/vineadouro.com\/shop\/wp-json\/wp\/v2\/types\/product"}],"replies":[{"embeddable":true,"href":"https:\/\/vineadouro.com\/shop\/wp-json\/wp\/v2\/comments?post=23000"}],"version-history":[{"count":3,"href":"https:\/\/vineadouro.com\/shop\/wp-json\/wp\/v2\/product\/23000\/revisions"}],"predecessor-version":[{"id":24998,"href":"https:\/\/vineadouro.com\/shop\/wp-json\/wp\/v2\/product\/23000\/revisions\/24998"}],"wp:featuredmedia":[{"embeddable":true,"href":"https:\/\/vineadouro.com\/shop\/wp-json\/wp\/v2\/media\/24560"}],"wp:attachment":[{"href":"https:\/\/vineadouro.com\/shop\/wp-json\/wp\/v2\/media?parent=23000"}],"wp:term":[{"taxonomy":"product_brand","embeddable":true,"href":"https:\/\/vineadouro.com\/shop\/wp-json\/wp\/v2\/product_brand?post=23000"},{"taxonomy":"product_cat","embeddable":true,"href":"https:\/\/vineadouro.com\/shop\/wp-json\/wp\/v2\/product_cat?post=23000"},{"taxonomy":"product_tag","embeddable":true,"href":"https:\/\/vineadouro.com\/shop\/wp-json\/wp\/v2\/product_tag?post=23000"}],"curies":[{"name":"wp","href":"https:\/\/api.w.org\/{rel}","templated":true}]}}