{"id":22915,"date":"2024-04-05T09:54:15","date_gmt":"2024-04-05T09:54:15","guid":{"rendered":"https:\/\/vineadouro.com\/shop\/?page_id=22915"},"modified":"2026-01-08T17:26:52","modified_gmt":"2026-01-08T17:26:52","slug":"quem-somos","status":"publish","type":"page","link":"https:\/\/vineadouro.com\/shop\/quem-somos\/","title":{"rendered":"Quem Somos"},"content":{"rendered":"\t\t<div data-elementor-type=\"wp-page\" data-elementor-id=\"22915\" class=\"elementor elementor-22915\">\n\t\t\t\t<div class=\"wd-negative-gap elementor-element elementor-element-6616d33 wd-section-stretch e-flex e-con-boxed e-con e-parent\" data-id=\"6616d33\" data-element_type=\"container\" data-settings=\"{&quot;background_background&quot;:&quot;classic&quot;}\">\n\t\t\t\t\t<div class=\"e-con-inner\">\n\t\t<div class=\"elementor-element elementor-element-a05c031 e-con-full e-flex e-con e-child\" data-id=\"a05c031\" data-element_type=\"container\">\n\t\t\t\t<div class=\"elementor-element elementor-element-72125df wd-width-100 elementor-widget elementor-widget-wd_title\" data-id=\"72125df\" data-element_type=\"widget\" data-widget_type=\"wd_title.default\">\n\t\t\t\t<div class=\"elementor-widget-container\">\n\t\t\t\t\t\t\t<div class=\"title-wrapper set-mb-s reset-last-child wd-title-color-primary wd-title-style-default wd-title-size-default text-left\">\n\n\t\t\t\n\t\t\t<div class=\"liner-continer\">\n\t\t\t\t<h4 class=\"woodmart-title-container title wd-fontsize-l\">Respeitamos o lugar, a hist\u00f3ria e a heran\u00e7a dos antepassados<\/h4> \n\t\t\t\t\t\t\t<\/div>\n\n\t\t\t\t\t\t\t<div class=\"title-after_title set-cont-mb-s reset-last-child wd-fontsize-xs\">\n\t\t\t\t\t<p>A Quinta da Vineadouro \u00e9 uma propriedade secular de caracter\u00edsticas \u00fanicas na regi\u00e3o do Douro Superior. Situada entre o hist\u00f3rico Castelo de Num\u00e3o e o \u201cDouro sublimado\u201d de Miguel Torga, \u00e9 um espa\u00e7o de tranquilidade e paisagens deslumbrantes onde produzimos os nossos vinhos Douro DOC e azeite.<\/p><p>Pertencendo \u00e0 mesma fam\u00edlia, desde o s\u00e9c. XVIII, os atuais herdeiros, familiares e descendentes t\u00eam levado a cabo a recupera\u00e7\u00e3o de todo o edificado r\u00fastico e a requalifica\u00e7\u00e3o das \u00e1reas agr\u00edcolas para a cria\u00e7\u00e3o de um projeto \u00edmpar na regi\u00e3o.<\/p>\t\t\t\t<\/div>\n\t\t\t\t\t<\/div>\n\t\t\t\t\t\t<\/div>\n\t\t\t\t<\/div>\n\t\t\t\t<\/div>\n\t\t<div class=\"elementor-element elementor-element-11b525a e-con-full e-flex e-con e-child\" data-id=\"11b525a\" data-element_type=\"container\">\n\t\t\t\t<div class=\"elementor-element elementor-element-971bb68 elementor-widget elementor-widget-wd_image_or_svg\" data-id=\"971bb68\" data-element_type=\"widget\" data-widget_type=\"wd_image_or_svg.default\">\n\t\t\t\t<div class=\"elementor-widget-container\">\n\t\t\t\t\t\n\t\t<div class=\"wd-image text-left\">\n\t\t\t\t\t\t\t\t<img fetchpriority=\"high\" decoding=\"async\" width=\"1200\" height=\"1000\" src=\"https:\/\/vineadouro.com\/shop\/wp-content\/uploads\/2026\/01\/quem-somos-vineadouro.webp\" class=\"attachment-1200x1000 size-1200x1000\" alt=\"\" srcset=\"https:\/\/vineadouro.com\/shop\/wp-content\/uploads\/2026\/01\/quem-somos-vineadouro.webp 1200w, https:\/\/vineadouro.com\/shop\/wp-content\/uploads\/2026\/01\/quem-somos-vineadouro-360x300.webp 360w, https:\/\/vineadouro.com\/shop\/wp-content\/uploads\/2026\/01\/quem-somos-vineadouro-960x800.webp 960w, https:\/\/vineadouro.com\/shop\/wp-content\/uploads\/2026\/01\/quem-somos-vineadouro-768x640.webp 768w, https:\/\/vineadouro.com\/shop\/wp-content\/uploads\/2026\/01\/quem-somos-vineadouro-1000x833.webp 1000w, https:\/\/vineadouro.com\/shop\/wp-content\/uploads\/2026\/01\/quem-somos-vineadouro-150x125.webp 150w\" sizes=\"(max-width: 1200px) 100vw, 1200px\" \/>\t\t\t\t\t<\/div>\n\n\t\t\t\t\t\t<\/div>\n\t\t\t\t<\/div>\n\t\t\t\t<\/div>\n\t\t\t\t\t<\/div>\n\t\t\t\t<\/div>\n\t\t<div class=\"wd-negative-gap elementor-element elementor-element-a63b2c4 wd-section-stretch e-flex e-con-boxed e-con e-parent\" data-id=\"a63b2c4\" data-element_type=\"container\" data-settings=\"{&quot;background_background&quot;:&quot;classic&quot;}\">\n\t\t\t\t\t<div class=\"e-con-inner\">\n\t\t<div class=\"elementor-element elementor-element-acc7cc1 e-con-full e-flex e-con e-child\" data-id=\"acc7cc1\" data-element_type=\"container\">\n\t\t\t\t<div class=\"elementor-element elementor-element-64dbf56 elementor-widget elementor-widget-wd_image_or_svg\" data-id=\"64dbf56\" data-element_type=\"widget\" data-widget_type=\"wd_image_or_svg.default\">\n\t\t\t\t<div class=\"elementor-widget-container\">\n\t\t\t\t\t\n\t\t<div class=\"wd-image text-left\">\n\t\t\t\t\t\t\t\t<img decoding=\"async\" width=\"1200\" height=\"1000\" src=\"https:\/\/vineadouro.com\/shop\/wp-content\/uploads\/2026\/01\/legado-250-anos-vineadouro.webp\" class=\"attachment-1200x1000 size-1200x1000\" alt=\"\" srcset=\"https:\/\/vineadouro.com\/shop\/wp-content\/uploads\/2026\/01\/legado-250-anos-vineadouro.webp 1200w, https:\/\/vineadouro.com\/shop\/wp-content\/uploads\/2026\/01\/legado-250-anos-vineadouro-360x300.webp 360w, https:\/\/vineadouro.com\/shop\/wp-content\/uploads\/2026\/01\/legado-250-anos-vineadouro-960x800.webp 960w, https:\/\/vineadouro.com\/shop\/wp-content\/uploads\/2026\/01\/legado-250-anos-vineadouro-768x640.webp 768w, https:\/\/vineadouro.com\/shop\/wp-content\/uploads\/2026\/01\/legado-250-anos-vineadouro-1000x833.webp 1000w, https:\/\/vineadouro.com\/shop\/wp-content\/uploads\/2026\/01\/legado-250-anos-vineadouro-150x125.webp 150w\" sizes=\"(max-width: 1200px) 100vw, 1200px\" \/>\t\t\t\t\t<\/div>\n\n\t\t\t\t\t\t<\/div>\n\t\t\t\t<\/div>\n\t\t\t\t<\/div>\n\t\t<div class=\"elementor-element elementor-element-1c2b28f e-con-full e-flex e-con e-child\" data-id=\"1c2b28f\" data-element_type=\"container\">\n\t\t\t\t<div class=\"elementor-element elementor-element-ce68358 wd-width-100 elementor-widget elementor-widget-wd_title\" data-id=\"ce68358\" data-element_type=\"widget\" data-widget_type=\"wd_title.default\">\n\t\t\t\t<div class=\"elementor-widget-container\">\n\t\t\t\t\t\t\t<div class=\"title-wrapper set-mb-s reset-last-child wd-title-color-primary wd-title-style-default wd-title-size-default text-left\">\n\n\t\t\t\n\t\t\t<div class=\"liner-continer\">\n\t\t\t\t<h4 class=\"woodmart-title-container title wd-fontsize-l\">Um lugar onde o tempo corre mais devagar<\/h4> \n\t\t\t\t\t\t\t<\/div>\n\n\t\t\t\t\t\t\t<div class=\"title-after_title set-cont-mb-s reset-last-child wd-fontsize-xs\">\n\t\t\t\t\t<p>A propriedade tem 140 hectares, dos quais apenas 4,2 ocupados com vinha plantada com as castas t\u00edpicas da regi\u00e3o, sendo a restante \u00e1rea composta por olival, amendoal e floresta que serve de abrigo a in\u00fameras esp\u00e9cies de animais.<\/p><p>Na Quinta da Vineadouro podemos desfrutar de experi\u00eancias \u00fanicas e inesquec\u00edveis onde a harmonia entre a natureza e a hist\u00f3ria milenar da regi\u00e3o constitui o cen\u00e1rio perfeito para momentos \u00fanicos associados \u00e0 celebra\u00e7\u00e3o da cultura do vinho.<\/p>\t\t\t\t<\/div>\n\t\t\t\t\t<\/div>\n\t\t\t\t\t\t<\/div>\n\t\t\t\t<\/div>\n\t\t\t\t<\/div>\n\t\t\t\t\t<\/div>\n\t\t\t\t<\/div>\n\t\t\t\t<\/div>\n\t\t","protected":false},"excerpt":{"rendered":"<p>Respeitamos o lugar, a hist\u00f3ria e a heran\u00e7a dos antepassados A Quinta da Vineadouro \u00e9 uma propriedade secular de caracter\u00edsticas<\/p>\n","protected":false},"author":116,"featured_media":0,"parent":0,"menu_order":0,"comment_status":"closed","ping_status":"closed","template":"","meta":{"footnotes":""},"class_list":["post-22915","page","type-page","status-publish","hentry"],"_links":{"self":[{"href":"https:\/\/vineadouro.com\/shop\/wp-json\/wp\/v2\/pages\/22915","targetHints":{"allow":["GET"]}}],"collection":[{"href":"https:\/\/vineadouro.com\/shop\/wp-json\/wp\/v2\/pages"}],"about":[{"href":"https:\/\/vineadouro.com\/shop\/wp-json\/wp\/v2\/types\/page"}],"author":[{"embeddable":true,"href":"https:\/\/vineadouro.com\/shop\/wp-json\/wp\/v2\/users\/116"}],"replies":[{"embeddable":true,"href":"https:\/\/vineadouro.com\/shop\/wp-json\/wp\/v2\/comments?post=22915"}],"version-history":[{"count":6,"href":"https:\/\/vineadouro.com\/shop\/wp-json\/wp\/v2\/pages\/22915\/revisions"}],"predecessor-version":[{"id":24953,"href":"https:\/\/vineadouro.com\/shop\/wp-json\/wp\/v2\/pages\/22915\/revisions\/24953"}],"wp:attachment":[{"href":"https:\/\/vineadouro.com\/shop\/wp-json\/wp\/v2\/media?parent=22915"}],"curies":[{"name":"wp","href":"https:\/\/api.w.org\/{rel}","templated":true}]}}

<div data-elementor-type="wp-page" data-elementor-id="22915" class="elementor elementor-22915">
				<div class="wd-negative-gap elementor-element elementor-element-6616d33 wd-section-stretch e-flex e-con-boxed e-con e-parent" data-id="6616d33" data-element_type="container" data-settings="{&quot;background_background&quot;:&quot;classic&quot;}">
					<div class="e-con-inner">
		<div class="elementor-element elementor-element-a05c031 e-con-full e-flex e-con e-child" data-id="a05c031" data-element_type="container">
				<div class="elementor-element elementor-element-72125df wd-width-100 elementor-widget elementor-widget-wd_title" data-id="72125df" data-element_type="widget" data-widget_type="wd_title.default">
				<div class="elementor-widget-container">
							<div class="title-wrapper set-mb-s reset-last-child wd-title-color-primary wd-title-style-default wd-title-size-default text-left">

			
			<div class="liner-continer">
				<h4 class="woodmart-title-container title wd-fontsize-l">Respeitamos o lugar, a história e a herança dos antepassados</h4> 
							</div>

							<div class="title-after_title set-cont-mb-s reset-last-child wd-fontsize-xs">
					<p>A Quinta da Vineadouro é uma propriedade secular de características únicas na região do Douro Superior. Situada entre o histórico Castelo de Numão e o “Douro sublimado” de Miguel Torga, é um espaço de tranquilidade e paisagens deslumbrantes onde produzimos os nossos vinhos Douro DOC e azeite.</p><p>Pertencendo à mesma família, desde o séc. XVIII, os atuais herdeiros, familiares e descendentes têm levado a cabo a recuperação de todo o edificado rústico e a requalificação das áreas agrícolas para a criação de um projeto ímpar na região.</p>				</div>
					</div>
						</div>
				</div>
				</div>
		<div class="elementor-element elementor-element-11b525a e-con-full e-flex e-con e-child" data-id="11b525a" data-element_type="container">
				<div class="elementor-element elementor-element-971bb68 elementor-widget elementor-widget-wd_image_or_svg" data-id="971bb68" data-element_type="widget" data-widget_type="wd_image_or_svg.default">
				<div class="elementor-widget-container">
					
		<div class="wd-image text-left">
								<img fetchpriority="high" decoding="async" width="1200" height="1000" src="https://vineadouro.com/shop/wp-content/uploads/2026/01/quem-somos-vineadouro.webp" class="attachment-1200x1000 size-1200x1000" alt="" srcset="https://vineadouro.com/shop/wp-content/uploads/2026/01/quem-somos-vineadouro.webp 1200w, https://vineadouro.com/shop/wp-content/uploads/2026/01/quem-somos-vineadouro-360x300.webp 360w, https://vineadouro.com/shop/wp-content/uploads/2026/01/quem-somos-vineadouro-960x800.webp 960w, https://vineadouro.com/shop/wp-content/uploads/2026/01/quem-somos-vineadouro-768x640.webp 768w, https://vineadouro.com/shop/wp-content/uploads/2026/01/quem-somos-vineadouro-1000x833.webp 1000w, https://vineadouro.com/shop/wp-content/uploads/2026/01/quem-somos-vineadouro-150x125.webp 150w" sizes="(max-width: 1200px) 100vw, 1200px" />					</div>

						</div>
				</div>
				</div>
					</div>
				</div>
		<div class="wd-negative-gap elementor-element elementor-element-a63b2c4 wd-section-stretch e-flex e-con-boxed e-con e-parent" data-id="a63b2c4" data-element_type="container" data-settings="{&quot;background_background&quot;:&quot;classic&quot;}">
					<div class="e-con-inner">
		<div class="elementor-element elementor-element-acc7cc1 e-con-full e-flex e-con e-child" data-id="acc7cc1" data-element_type="container">
				<div class="elementor-element elementor-element-64dbf56 elementor-widget elementor-widget-wd_image_or_svg" data-id="64dbf56" data-element_type="widget" data-widget_type="wd_image_or_svg.default">
				<div class="elementor-widget-container">
					
		<div class="wd-image text-left">
								<img decoding="async" width="1200" height="1000" src="https://vineadouro.com/shop/wp-content/uploads/2026/01/legado-250-anos-vineadouro.webp" class="attachment-1200x1000 size-1200x1000" alt="" srcset="https://vineadouro.com/shop/wp-content/uploads/2026/01/legado-250-anos-vineadouro.webp 1200w, https://vineadouro.com/shop/wp-content/uploads/2026/01/legado-250-anos-vineadouro-360x300.webp 360w, https://vineadouro.com/shop/wp-content/uploads/2026/01/legado-250-anos-vineadouro-960x800.webp 960w, https://vineadouro.com/shop/wp-content/uploads/2026/01/legado-250-anos-vineadouro-768x640.webp 768w, https://vineadouro.com/shop/wp-content/uploads/2026/01/legado-250-anos-vineadouro-1000x833.webp 1000w, https://vineadouro.com/shop/wp-content/uploads/2026/01/legado-250-anos-vineadouro-150x125.webp 150w" sizes="(max-width: 1200px) 100vw, 1200px" />					</div>

						</div>
				</div>
				</div>
		<div class="elementor-element elementor-element-1c2b28f e-con-full e-flex e-con e-child" data-id="1c2b28f" data-element_type="container">
				<div class="elementor-element elementor-element-ce68358 wd-width-100 elementor-widget elementor-widget-wd_title" data-id="ce68358" data-element_type="widget" data-widget_type="wd_title.default">
				<div class="elementor-widget-container">
							<div class="title-wrapper set-mb-s reset-last-child wd-title-color-primary wd-title-style-default wd-title-size-default text-left">

			
			<div class="liner-continer">
				<h4 class="woodmart-title-container title wd-fontsize-l">Um lugar onde o tempo corre mais devagar</h4> 
							</div>

							<div class="title-after_title set-cont-mb-s reset-last-child wd-fontsize-xs">
					<p>A propriedade tem 140 hectares, dos quais apenas 4,2 ocupados com vinha plantada com as castas típicas da região, sendo a restante área composta por olival, amendoal e floresta que serve de abrigo a inúmeras espécies de animais.</p><p>Na Quinta da Vineadouro podemos desfrutar de experiências únicas e inesquecíveis onde a harmonia entre a natureza e a história milenar da região constitui o cenário perfeito para momentos únicos associados à celebração da cultura do vinho.</p>				</div>
					</div>
						</div>
				</div>
				</div>
					</div>
				</div>
				</div>

<p>Respeitamos o lugar, a história e a herança dos antepassados A Quinta da Vineadouro é uma propriedade secular de características</p>
